
{"id":50,"date":"2018-01-24T08:41:09","date_gmt":"2018-01-24T08:41:09","guid":{"rendered":"http:\/\/www.obgyn-si.org\/kongresi\/www-2\/?page_id=50"},"modified":"2024-03-14T12:41:57","modified_gmt":"2024-03-14T12:41:57","slug":"program","status":"publish","type":"page","link":"https:\/\/www.obgyn-si.org\/kongresi\/imunoth\/program\/","title":{"rendered":"Program"},"content":{"rendered":"8:00 \u2013 8:30 Registracija\r\n8:30 \u2013 8:45 Uvodni pozdrav (\u0160 Smrkolj, B Kobal, P Po\u017eun)\r\n\r\n<strong>I<\/strong><strong>. Sklop (moderatorja: \u0160. Smrkolj, E \u0160kof)<\/strong>\r\n\r\n8:45 \u2013 9:15 Imunski sistem in rak: medsebojni vplivi (S Novakovi\u0107)\r\n9:15 \u2013 9:45 Zdravljenje z imunoterapijo v klini\u010dni praksi (zdravila; njihovo delovanje; lokacije rakov)\u00a0(D Ribnikar)\r\n09:45 \u2013 10:00 Ne\u017eeleni u\u010dinki zdravljenja z imunoterapijo (M Ravnik)\r\n10:00 \u2013 10:15 Imunoterapija pri zdravljenju raka materni\u010dnega vratu (B \u0160krbinc)\r\n10:15 \u2013 10:30 Imunoterapija pri zdravljenju raka endometrija (N Fokter Dovnik)\r\n\r\n<strong>10<\/strong><strong>:<\/strong><strong>3<\/strong><strong>0 \u2013 11:00 Odmor s kavo<\/strong>\r\n\r\n<strong>I<\/strong><strong>I<\/strong><strong>. Sklop (moderatorja:B. Cvjeti\u0107anin, N Kenda \u0160uster)<\/strong>\r\n\r\n11:00 \u2013 11: 15 Na\u0161e izku\u0161nje zdravljenja z imunoterapijo (E \u0160kof)\r\n11:15 \u2013 11:30 Izbira bolnic ter opravljene preiskave pred odlo\u010ditvijo za zdravljenje z imunoterapijo (B\u00a0Pir\u0161, S Frkovi\u0107 Grazio)\r\n11:30 \u2013 11:45 Vklju\u010ditev zdravljenja z imunoterapijo v priporo\u010dila za zdravljenje ginekolo\u0161kih rakov (V\u00a0Jan\u0161a, B Cvjeti\u010danin, \u0160 Smrkolj)\r\n11:45 \u2013 12:00 Komunikacija z ginekolo\u0161ko onkolo\u0161ko bolnico (N Kenda \u0160uster, \u0160 Smrkolj)\r\n12:00 \u2013 12:30 Prikaz nekaterih klini\u010dnih primerov iz na\u0161e prakse (M Lasi\u010d, L Kova\u010d, E \u0160kof, M Krajec, M Colja)\r\n12:30 \u2013 12:45 Razprava in zaklju\u010dek simpozija (\u0160 Smrkolj, B Cvjeti\u010danin, E \u0160kof, S Frkovi\u0107 Grazio)\r\n\r\n<strong>13<\/strong><strong>:<\/strong><strong>0<\/strong><strong>0 \u2013 14:00 Kosilo in dru\u017eenje<\/strong>\r\n\r\n<!-- \/wp:post-content -->","protected":false},"excerpt":{"rendered":"<p>8:00 \u2013 8:30 Registracija 8:30 \u2013 8:45 Uvodni pozdrav (\u0160 Smrkolj, B Kobal, P Po\u017eun) I. Sklop (moderatorja: \u0160. Smrkolj, E \u0160kof) 8:45 \u2013 9:15 Imunski sistem in rak: medsebojni vplivi (S Novakovi\u0107) 9:15 \u2013 9:45 Zdravljenje z imunoterapijo v klini\u010dni praksi (zdravila; njihovo delovanje; lokacije rakov)\u00a0(D Ribnikar) 09:45 \u2013 10:00 Ne\u017eeleni u\u010dinki zdravljenja z [&hellip;]<\/p>\n","protected":false},"author":1,"featured_media":0,"parent":0,"menu_order":0,"comment_status":"closed","ping_status":"closed","template":"","meta":{"footnotes":""},"class_list":["post-50","page","type-page","status-publish","hentry"],"yoast_head":"<!-- This site is optimized with the Yoast SEO plugin v26.8 - https:\/\/yoast.com\/product\/yoast-seo-wordpress\/ -->\n<title>Program - Imunoterapija pri ginekolo\u0161kih rakih<\/title>\n<meta name=\"robots\" content=\"index, follow, max-snippet:-1, max-image-preview:large, max-video-preview:-1\" \/>\n<link rel=\"canonical\" href=\"https:\/\/www.obgyn-si.org\/kongresi\/imunoth\/program\/\" \/>\n<meta property=\"og:locale\" content=\"en_US\" \/>\n<meta property=\"og:type\" content=\"article\" \/>\n<meta property=\"og:title\" content=\"Program - Imunoterapija pri ginekolo\u0161kih rakih\" \/>\n<meta property=\"og:description\" content=\"8:00 \u2013 8:30 Registracija 8:30 \u2013 8:45 Uvodni pozdrav (\u0160 Smrkolj, B Kobal, P Po\u017eun) I. Sklop (moderatorja: \u0160. Smrkolj, E \u0160kof) 8:45 \u2013 9:15 Imunski sistem in rak: medsebojni vplivi (S Novakovi\u0107) 9:15 \u2013 9:45 Zdravljenje z imunoterapijo v klini\u010dni praksi (zdravila; njihovo delovanje; lokacije rakov)\u00a0(D Ribnikar) 09:45 \u2013 10:00 Ne\u017eeleni u\u010dinki zdravljenja z [&hellip;]\" \/>\n<meta property=\"og:url\" content=\"https:\/\/www.obgyn-si.org\/kongresi\/imunoth\/program\/\" \/>\n<meta property=\"og:site_name\" content=\"Imunoterapija pri ginekolo\u0161kih rakih\" \/>\n<meta property=\"article:modified_time\" content=\"2024-03-14T12:41:57+00:00\" \/>\n<meta name=\"twitter:card\" content=\"summary_large_image\" \/>\n<meta name=\"twitter:label1\" content=\"Est. reading time\" \/>\n\t<meta name=\"twitter:data1\" content=\"1 minute\" \/>\n<script type=\"application\/ld+json\" class=\"yoast-schema-graph\">{\"@context\":\"https:\/\/schema.org\",\"@graph\":[{\"@type\":\"WebPage\",\"@id\":\"https:\/\/www.obgyn-si.org\/kongresi\/imunoth\/program\/\",\"url\":\"https:\/\/www.obgyn-si.org\/kongresi\/imunoth\/program\/\",\"name\":\"Program - Imunoterapija pri ginekolo\u0161kih rakih\",\"isPartOf\":{\"@id\":\"https:\/\/www.obgyn-si.org\/kongresi\/imunoth\/#website\"},\"datePublished\":\"2018-01-24T08:41:09+00:00\",\"dateModified\":\"2024-03-14T12:41:57+00:00\",\"breadcrumb\":{\"@id\":\"https:\/\/www.obgyn-si.org\/kongresi\/imunoth\/program\/#breadcrumb\"},\"inLanguage\":\"en-US\",\"potentialAction\":[{\"@type\":\"ReadAction\",\"target\":[\"https:\/\/www.obgyn-si.org\/kongresi\/imunoth\/program\/\"]}]},{\"@type\":\"BreadcrumbList\",\"@id\":\"https:\/\/www.obgyn-si.org\/kongresi\/imunoth\/program\/#breadcrumb\",\"itemListElement\":[{\"@type\":\"ListItem\",\"position\":1,\"name\":\"Home\",\"item\":\"https:\/\/www.obgyn-si.org\/kongresi\/imunoth\/\"},{\"@type\":\"ListItem\",\"position\":2,\"name\":\"Program\"}]},{\"@type\":\"WebSite\",\"@id\":\"https:\/\/www.obgyn-si.org\/kongresi\/imunoth\/#website\",\"url\":\"https:\/\/www.obgyn-si.org\/kongresi\/imunoth\/\",\"name\":\"Imunoterapija pri ginekolo\u0161kih rakih\",\"description\":\"Ljubljana, 5. april 2024\",\"publisher\":{\"@id\":\"https:\/\/www.obgyn-si.org\/kongresi\/imunoth\/#organization\"},\"potentialAction\":[{\"@type\":\"SearchAction\",\"target\":{\"@type\":\"EntryPoint\",\"urlTemplate\":\"https:\/\/www.obgyn-si.org\/kongresi\/imunoth\/?s={search_term_string}\"},\"query-input\":{\"@type\":\"PropertyValueSpecification\",\"valueRequired\":true,\"valueName\":\"search_term_string\"}}],\"inLanguage\":\"en-US\"},{\"@type\":\"Organization\",\"@id\":\"https:\/\/www.obgyn-si.org\/kongresi\/imunoth\/#organization\",\"name\":\"Imunoterapija pri ginekolo\u0161kih rakih\",\"url\":\"https:\/\/www.obgyn-si.org\/kongresi\/imunoth\/\",\"logo\":{\"@type\":\"ImageObject\",\"inLanguage\":\"en-US\",\"@id\":\"https:\/\/www.obgyn-si.org\/kongresi\/imunoth\/#\/schema\/logo\/image\/\",\"url\":\"https:\/\/www.obgyn-si.org\/kongresi\/imunoth\/wp-content\/uploads\/sites\/18\/2024\/03\/cropped-duplex2-1.png\",\"contentUrl\":\"https:\/\/www.obgyn-si.org\/kongresi\/imunoth\/wp-content\/uploads\/sites\/18\/2024\/03\/cropped-duplex2-1.png\",\"width\":692,\"height\":250,\"caption\":\"Imunoterapija pri ginekolo\u0161kih rakih\"},\"image\":{\"@id\":\"https:\/\/www.obgyn-si.org\/kongresi\/imunoth\/#\/schema\/logo\/image\/\"}}]}<\/script>\n<!-- \/ Yoast SEO plugin. -->","yoast_head_json":{"title":"Program - Imunoterapija pri ginekolo\u0161kih rakih","robots":{"index":"index","follow":"follow","max-snippet":"max-snippet:-1","max-image-preview":"max-image-preview:large","max-video-preview":"max-video-preview:-1"},"canonical":"https:\/\/www.obgyn-si.org\/kongresi\/imunoth\/program\/","og_locale":"en_US","og_type":"article","og_title":"Program - Imunoterapija pri ginekolo\u0161kih rakih","og_description":"8:00 \u2013 8:30 Registracija 8:30 \u2013 8:45 Uvodni pozdrav (\u0160 Smrkolj, B Kobal, P Po\u017eun) I. Sklop (moderatorja: \u0160. Smrkolj, E \u0160kof) 8:45 \u2013 9:15 Imunski sistem in rak: medsebojni vplivi (S Novakovi\u0107) 9:15 \u2013 9:45 Zdravljenje z imunoterapijo v klini\u010dni praksi (zdravila; njihovo delovanje; lokacije rakov)\u00a0(D Ribnikar) 09:45 \u2013 10:00 Ne\u017eeleni u\u010dinki zdravljenja z [&hellip;]","og_url":"https:\/\/www.obgyn-si.org\/kongresi\/imunoth\/program\/","og_site_name":"Imunoterapija pri ginekolo\u0161kih rakih","article_modified_time":"2024-03-14T12:41:57+00:00","twitter_card":"summary_large_image","twitter_misc":{"Est. reading time":"1 minute"},"schema":{"@context":"https:\/\/schema.org","@graph":[{"@type":"WebPage","@id":"https:\/\/www.obgyn-si.org\/kongresi\/imunoth\/program\/","url":"https:\/\/www.obgyn-si.org\/kongresi\/imunoth\/program\/","name":"Program - Imunoterapija pri ginekolo\u0161kih rakih","isPartOf":{"@id":"https:\/\/www.obgyn-si.org\/kongresi\/imunoth\/#website"},"datePublished":"2018-01-24T08:41:09+00:00","dateModified":"2024-03-14T12:41:57+00:00","breadcrumb":{"@id":"https:\/\/www.obgyn-si.org\/kongresi\/imunoth\/program\/#breadcrumb"},"inLanguage":"en-US","potentialAction":[{"@type":"ReadAction","target":["https:\/\/www.obgyn-si.org\/kongresi\/imunoth\/program\/"]}]},{"@type":"BreadcrumbList","@id":"https:\/\/www.obgyn-si.org\/kongresi\/imunoth\/program\/#breadcrumb","itemListElement":[{"@type":"ListItem","position":1,"name":"Home","item":"https:\/\/www.obgyn-si.org\/kongresi\/imunoth\/"},{"@type":"ListItem","position":2,"name":"Program"}]},{"@type":"WebSite","@id":"https:\/\/www.obgyn-si.org\/kongresi\/imunoth\/#website","url":"https:\/\/www.obgyn-si.org\/kongresi\/imunoth\/","name":"Imunoterapija pri ginekolo\u0161kih rakih","description":"Ljubljana, 5. april 2024","publisher":{"@id":"https:\/\/www.obgyn-si.org\/kongresi\/imunoth\/#organization"},"potentialAction":[{"@type":"SearchAction","target":{"@type":"EntryPoint","urlTemplate":"https:\/\/www.obgyn-si.org\/kongresi\/imunoth\/?s={search_term_string}"},"query-input":{"@type":"PropertyValueSpecification","valueRequired":true,"valueName":"search_term_string"}}],"inLanguage":"en-US"},{"@type":"Organization","@id":"https:\/\/www.obgyn-si.org\/kongresi\/imunoth\/#organization","name":"Imunoterapija pri ginekolo\u0161kih rakih","url":"https:\/\/www.obgyn-si.org\/kongresi\/imunoth\/","logo":{"@type":"ImageObject","inLanguage":"en-US","@id":"https:\/\/www.obgyn-si.org\/kongresi\/imunoth\/#\/schema\/logo\/image\/","url":"https:\/\/www.obgyn-si.org\/kongresi\/imunoth\/wp-content\/uploads\/sites\/18\/2024\/03\/cropped-duplex2-1.png","contentUrl":"https:\/\/www.obgyn-si.org\/kongresi\/imunoth\/wp-content\/uploads\/sites\/18\/2024\/03\/cropped-duplex2-1.png","width":692,"height":250,"caption":"Imunoterapija pri ginekolo\u0161kih rakih"},"image":{"@id":"https:\/\/www.obgyn-si.org\/kongresi\/imunoth\/#\/schema\/logo\/image\/"}}]}},"_links":{"self":[{"href":"https:\/\/www.obgyn-si.org\/kongresi\/imunoth\/wp-json\/wp\/v2\/pages\/50","targetHints":{"allow":["GET"]}}],"collection":[{"href":"https:\/\/www.obgyn-si.org\/kongresi\/imunoth\/wp-json\/wp\/v2\/pages"}],"about":[{"href":"https:\/\/www.obgyn-si.org\/kongresi\/imunoth\/wp-json\/wp\/v2\/types\/page"}],"author":[{"embeddable":true,"href":"https:\/\/www.obgyn-si.org\/kongresi\/imunoth\/wp-json\/wp\/v2\/users\/1"}],"replies":[{"embeddable":true,"href":"https:\/\/www.obgyn-si.org\/kongresi\/imunoth\/wp-json\/wp\/v2\/comments?post=50"}],"version-history":[{"count":75,"href":"https:\/\/www.obgyn-si.org\/kongresi\/imunoth\/wp-json\/wp\/v2\/pages\/50\/revisions"}],"predecessor-version":[{"id":1319,"href":"https:\/\/www.obgyn-si.org\/kongresi\/imunoth\/wp-json\/wp\/v2\/pages\/50\/revisions\/1319"}],"wp:attachment":[{"href":"https:\/\/www.obgyn-si.org\/kongresi\/imunoth\/wp-json\/wp\/v2\/media?parent=50"}],"curies":[{"name":"wp","href":"https:\/\/api.w.org\/{rel}","templated":true}]}}