
{"id":50,"date":"2018-01-24T08:41:09","date_gmt":"2018-01-24T08:41:09","guid":{"rendered":"http:\/\/www.obgyn-si.org\/kongresi\/www-2\/?page_id=50"},"modified":"2024-01-03T07:47:36","modified_gmt":"2024-01-03T07:47:36","slug":"program","status":"publish","type":"page","link":"https:\/\/www.obgyn-si.org\/kongresi\/rak-endometrija\/program\/","title":{"rendered":"Program"},"content":{"rendered":"<strong>petek, 2. februar 2024<\/strong>\r\n\r\n<strong>PROGRAM<\/strong>\r\n\r\n08:00 \u2013 08:30\u00a0 \u00a0 \u00a0Registracija udele\u017eencev\r\n\r\n8:30 \u2013 8:45 Uvodni pozdrav (L. Megli\u010d, B. Kobal, \u0160. Smrkolj)\r\n\r\n<strong><span style=\"font-size: 1rem;\">Sklop I. (moderatorji: L. Megli\u010d, \u0160. Smrkolj, S. Frkovi\u0107 Grazio)<\/span><\/strong>\r\n\r\n8:45 \u2013 9:00 Predstavitev nove FIGO klasifikacije (V. Jan\u0161a, B. Cvjeti\u0107anin)\r\n\r\n9:00 \u2013 9:30 Sodobni principi patohistolo\u0161ke diagnostike endometrijskih karcinomov v lu\u010di FIGO 2023 \u2013 obseg in na\u010din poro\u010danja morfolo\u0161kih, imunohistokemi\u010dnih in molekularno genetskih zna\u010dilnosti tumorjev (S. Frkovi\u0107 Grazio, N. Lebi\u010d Belcijan)\r\n\r\n09:30 \u2013 09:45 Zdravljenje raka endometrija v eri molekularne klasifikacije: prednosti in dileme (B. Kobal)\r\n\r\n09:45 \u2013 10:00 Algoritem obravnave bolnic z rakom endometrija (B. Pir\u0161, L. Megli\u010d)\r\n\r\n10:00 \u2013 10:30 Odmor s kavo\r\n\r\n<strong>Sklop II. (moderatorji:B. Cvjeti\u0107anin, S. Merlo)<\/strong>\r\n\r\n10:30 \u2013 10:45 Novosti in pri\u010dakovane novosti pri kirur\u0161kem zdravljenju raka endometrija (L. Kova\u010d, \u0160. Smrkolj)\r\n\r\n10:45 \u2013 11:00 Novosti v sistemskem zdravljenju raka endometrija (E. \u0160kof)\r\n\r\n11:00 \u2013 11: 15 Novosti v zdravljenu raka endometrija z obsevanjem (B. \u0160egedin)\r\n\r\n11:15 \u2013 11:30 Konzervativno zdravljenje raka endometrija: ali nova spoznanja o molekularnih karakteristikah tumorja spremenijo na\u010din zdravljenja (J. Knez, I. Taka\u010d)\r\n\r\n11:30 \u2013 11:45 Zdravljenje ponovitve raka endometrija (M. Lasi\u010d, \u0160. Smrkolj)\r\n\r\n11:45 \u2013 12:00 Klini\u010dno patolo\u0161ki primeri (V. Jan\u0161a, M. Krajec, A. Cokan, A. Dovnik, B. Cvjeti\u0107anin, N. Lebi\u010d Belcijan, E. \u0160kof, B. \u0160egedin)\r\n\r\n<strong>Sklop III.\u00a0 (moderatorji: B. Kobal, M. Paki\u017e)<\/strong>\r\n\r\n12:00 \u2013 12:15 Pregled novih raziskav pri bolnicah z rakom endometrija (M. Krajec, S. Merlo)\r\n\r\n12:15 \u2013 12:30 Slikovne preiskave pri raku endometrija (K. Jakopi\u010d Ma\u010dek, A. \u0160u\u0161tar\u0161i\u010d)\r\n\r\n12:30 \u2013 12:45 Standardizacija perioperativne obravnave \u017eensk z rakom endometrija in ESGO kazalniki kakovosti &#8211; kako od teorije do prakse (M. Paki\u017e)\r\n\r\n12:45 \u2013 13:30 Pogled v preteklost in prihodnost ter diskusija (L. Megli\u010d, B. Kobal, B. Cvjeti\u0107anin, \u0160. Smrkolj, V. Zadnik, S. Frkovi\u0107 Grazio, S. Merlo, M. Paki\u017e, V. Jan\u0161a, L. Kova\u010d, M. Jakimovska Stefanovska, T. Kuni\u010d Pir\u0161)\r\n\r\n13:30 &#8211; 15:30 Kosilo\r\n\r\n<!-- \/wp:post-content -->","protected":false},"excerpt":{"rendered":"<p>petek, 2. februar 2024 PROGRAM 08:00 \u2013 08:30\u00a0 \u00a0 \u00a0Registracija udele\u017eencev 8:30 \u2013 8:45 Uvodni pozdrav (L. Megli\u010d, B. Kobal, \u0160. Smrkolj) Sklop I. (moderatorji: L. Megli\u010d, \u0160. Smrkolj, S. Frkovi\u0107 Grazio) 8:45 \u2013 9:00 Predstavitev nove FIGO klasifikacije (V. Jan\u0161a, B. Cvjeti\u0107anin) 9:00 \u2013 9:30 Sodobni principi patohistolo\u0161ke diagnostike endometrijskih karcinomov v lu\u010di FIGO &hellip; <\/p>\n<p class=\"link-more\"><a href=\"https:\/\/www.obgyn-si.org\/kongresi\/rak-endometrija\/program\/\" class=\"more-link\">Continue reading<span class=\"screen-reader-text\"> &#8220;Program&#8221;<\/span><\/a><\/p>\n","protected":false},"author":1,"featured_media":0,"parent":0,"menu_order":0,"comment_status":"closed","ping_status":"closed","template":"","meta":{"footnotes":""},"class_list":["post-50","page","type-page","status-publish","hentry"],"yoast_head":"<!-- This site is optimized with the Yoast SEO plugin v26.8 - https:\/\/yoast.com\/product\/yoast-seo-wordpress\/ -->\n<title>Program - Rak endometrija<\/title>\n<meta name=\"robots\" content=\"index, follow, max-snippet:-1, max-image-preview:large, max-video-preview:-1\" \/>\n<link rel=\"canonical\" href=\"https:\/\/www.obgyn-si.org\/kongresi\/rak-endometrija\/program\/\" \/>\n<meta property=\"og:locale\" content=\"en_US\" \/>\n<meta property=\"og:type\" content=\"article\" \/>\n<meta property=\"og:title\" content=\"Program - Rak endometrija\" \/>\n<meta property=\"og:description\" content=\"petek, 2. februar 2024 PROGRAM 08:00 \u2013 08:30\u00a0 \u00a0 \u00a0Registracija udele\u017eencev 8:30 \u2013 8:45 Uvodni pozdrav (L. Megli\u010d, B. Kobal, \u0160. Smrkolj) Sklop I. (moderatorji: L. Megli\u010d, \u0160. Smrkolj, S. Frkovi\u0107 Grazio) 8:45 \u2013 9:00 Predstavitev nove FIGO klasifikacije (V. Jan\u0161a, B. Cvjeti\u0107anin) 9:00 \u2013 9:30 Sodobni principi patohistolo\u0161ke diagnostike endometrijskih karcinomov v lu\u010di FIGO &hellip; Continue reading &quot;Program&quot;\" \/>\n<meta property=\"og:url\" content=\"https:\/\/www.obgyn-si.org\/kongresi\/rak-endometrija\/program\/\" \/>\n<meta property=\"og:site_name\" content=\"Rak endometrija\" \/>\n<meta property=\"article:modified_time\" content=\"2024-01-03T07:47:36+00:00\" \/>\n<meta name=\"twitter:card\" content=\"summary_large_image\" \/>\n<meta name=\"twitter:label1\" content=\"Est. reading time\" \/>\n\t<meta name=\"twitter:data1\" content=\"1 minute\" \/>\n<script type=\"application\/ld+json\" class=\"yoast-schema-graph\">{\"@context\":\"https:\/\/schema.org\",\"@graph\":[{\"@type\":\"WebPage\",\"@id\":\"https:\/\/www.obgyn-si.org\/kongresi\/rak-endometrija\/program\/\",\"url\":\"https:\/\/www.obgyn-si.org\/kongresi\/rak-endometrija\/program\/\",\"name\":\"Program - Rak endometrija\",\"isPartOf\":{\"@id\":\"https:\/\/www.obgyn-si.org\/kongresi\/rak-endometrija\/#website\"},\"datePublished\":\"2018-01-24T08:41:09+00:00\",\"dateModified\":\"2024-01-03T07:47:36+00:00\",\"breadcrumb\":{\"@id\":\"https:\/\/www.obgyn-si.org\/kongresi\/rak-endometrija\/program\/#breadcrumb\"},\"inLanguage\":\"en-US\",\"potentialAction\":[{\"@type\":\"ReadAction\",\"target\":[\"https:\/\/www.obgyn-si.org\/kongresi\/rak-endometrija\/program\/\"]}]},{\"@type\":\"BreadcrumbList\",\"@id\":\"https:\/\/www.obgyn-si.org\/kongresi\/rak-endometrija\/program\/#breadcrumb\",\"itemListElement\":[{\"@type\":\"ListItem\",\"position\":1,\"name\":\"Home\",\"item\":\"https:\/\/www.obgyn-si.org\/kongresi\/rak-endometrija\/\"},{\"@type\":\"ListItem\",\"position\":2,\"name\":\"Program\"}]},{\"@type\":\"WebSite\",\"@id\":\"https:\/\/www.obgyn-si.org\/kongresi\/rak-endometrija\/#website\",\"url\":\"https:\/\/www.obgyn-si.org\/kongresi\/rak-endometrija\/\",\"name\":\"Rak endometrija\",\"description\":\"Ljubljana, 2. februar 2024\",\"potentialAction\":[{\"@type\":\"SearchAction\",\"target\":{\"@type\":\"EntryPoint\",\"urlTemplate\":\"https:\/\/www.obgyn-si.org\/kongresi\/rak-endometrija\/?s={search_term_string}\"},\"query-input\":{\"@type\":\"PropertyValueSpecification\",\"valueRequired\":true,\"valueName\":\"search_term_string\"}}],\"inLanguage\":\"en-US\"}]}<\/script>\n<!-- \/ Yoast SEO plugin. -->","yoast_head_json":{"title":"Program - Rak endometrija","robots":{"index":"index","follow":"follow","max-snippet":"max-snippet:-1","max-image-preview":"max-image-preview:large","max-video-preview":"max-video-preview:-1"},"canonical":"https:\/\/www.obgyn-si.org\/kongresi\/rak-endometrija\/program\/","og_locale":"en_US","og_type":"article","og_title":"Program - Rak endometrija","og_description":"petek, 2. februar 2024 PROGRAM 08:00 \u2013 08:30\u00a0 \u00a0 \u00a0Registracija udele\u017eencev 8:30 \u2013 8:45 Uvodni pozdrav (L. Megli\u010d, B. Kobal, \u0160. Smrkolj) Sklop I. (moderatorji: L. Megli\u010d, \u0160. Smrkolj, S. Frkovi\u0107 Grazio) 8:45 \u2013 9:00 Predstavitev nove FIGO klasifikacije (V. Jan\u0161a, B. Cvjeti\u0107anin) 9:00 \u2013 9:30 Sodobni principi patohistolo\u0161ke diagnostike endometrijskih karcinomov v lu\u010di FIGO &hellip; Continue reading \"Program\"","og_url":"https:\/\/www.obgyn-si.org\/kongresi\/rak-endometrija\/program\/","og_site_name":"Rak endometrija","article_modified_time":"2024-01-03T07:47:36+00:00","twitter_card":"summary_large_image","twitter_misc":{"Est. reading time":"1 minute"},"schema":{"@context":"https:\/\/schema.org","@graph":[{"@type":"WebPage","@id":"https:\/\/www.obgyn-si.org\/kongresi\/rak-endometrija\/program\/","url":"https:\/\/www.obgyn-si.org\/kongresi\/rak-endometrija\/program\/","name":"Program - Rak endometrija","isPartOf":{"@id":"https:\/\/www.obgyn-si.org\/kongresi\/rak-endometrija\/#website"},"datePublished":"2018-01-24T08:41:09+00:00","dateModified":"2024-01-03T07:47:36+00:00","breadcrumb":{"@id":"https:\/\/www.obgyn-si.org\/kongresi\/rak-endometrija\/program\/#breadcrumb"},"inLanguage":"en-US","potentialAction":[{"@type":"ReadAction","target":["https:\/\/www.obgyn-si.org\/kongresi\/rak-endometrija\/program\/"]}]},{"@type":"BreadcrumbList","@id":"https:\/\/www.obgyn-si.org\/kongresi\/rak-endometrija\/program\/#breadcrumb","itemListElement":[{"@type":"ListItem","position":1,"name":"Home","item":"https:\/\/www.obgyn-si.org\/kongresi\/rak-endometrija\/"},{"@type":"ListItem","position":2,"name":"Program"}]},{"@type":"WebSite","@id":"https:\/\/www.obgyn-si.org\/kongresi\/rak-endometrija\/#website","url":"https:\/\/www.obgyn-si.org\/kongresi\/rak-endometrija\/","name":"Rak endometrija","description":"Ljubljana, 2. februar 2024","potentialAction":[{"@type":"SearchAction","target":{"@type":"EntryPoint","urlTemplate":"https:\/\/www.obgyn-si.org\/kongresi\/rak-endometrija\/?s={search_term_string}"},"query-input":{"@type":"PropertyValueSpecification","valueRequired":true,"valueName":"search_term_string"}}],"inLanguage":"en-US"}]}},"_links":{"self":[{"href":"https:\/\/www.obgyn-si.org\/kongresi\/rak-endometrija\/wp-json\/wp\/v2\/pages\/50","targetHints":{"allow":["GET"]}}],"collection":[{"href":"https:\/\/www.obgyn-si.org\/kongresi\/rak-endometrija\/wp-json\/wp\/v2\/pages"}],"about":[{"href":"https:\/\/www.obgyn-si.org\/kongresi\/rak-endometrija\/wp-json\/wp\/v2\/types\/page"}],"author":[{"embeddable":true,"href":"https:\/\/www.obgyn-si.org\/kongresi\/rak-endometrija\/wp-json\/wp\/v2\/users\/1"}],"replies":[{"embeddable":true,"href":"https:\/\/www.obgyn-si.org\/kongresi\/rak-endometrija\/wp-json\/wp\/v2\/comments?post=50"}],"version-history":[{"count":73,"href":"https:\/\/www.obgyn-si.org\/kongresi\/rak-endometrija\/wp-json\/wp\/v2\/pages\/50\/revisions"}],"predecessor-version":[{"id":1254,"href":"https:\/\/www.obgyn-si.org\/kongresi\/rak-endometrija\/wp-json\/wp\/v2\/pages\/50\/revisions\/1254"}],"wp:attachment":[{"href":"https:\/\/www.obgyn-si.org\/kongresi\/rak-endometrija\/wp-json\/wp\/v2\/media?parent=50"}],"curies":[{"name":"wp","href":"https:\/\/api.w.org\/{rel}","templated":true}]}}